31
What are the prime factors of 191938?
2, 19, 5051
List the prime factors of 3728602.
2, 379, 4919
List the prime factors of 4074889.
7, 13, 6397
List the prime factors of 3082913.
41, 75193
List the prime factors of 1365433.
83, 16451
What are the prime factors of 8065998?
2, 3, 448111
What are the prime factors of 33586?
2, 7, 2399
What are the prime factors of 51265?
5, 10253
What are the prime factors of 920918?
2, 47, 97, 101
What are the prime factors of 154294?
2, 7, 103, 107
List the prime factors of 11953174.
2, 79, 75653
List the prime factors of 2392387.
101, 23687
List the prime factors of 57520.
2, 5, 719
What are the prime factors of 4782276?
2, 3, 71, 1871
List the prime factors of 643649.
643649
List the prime factors of 9983260.
2, 5, 7, 61, 167
List the prime factors of 152943.
3, 7, 7283
What are the prime factors of 3034892?
2, 7, 283, 383
What are the prime factors of 2382239?
19, 6599
List the prime factors of 301222.
2, 150611
What are the prime factors of 241428?
2, 3, 11, 31, 59
List the prime factors of 833427.
3, 7, 13229
List the prime factors of 5715688.
2, 11, 64951
What are the prime factors of 2295776?
2, 7, 37, 277
What are the prime factors of 19026409?
3803, 5003
What are the prime factors of 149779?
7, 21397
What are the prime factors of 675231?
3, 225077
List the prime factors of 2766058.
2, 19, 83, 877
List the prime factors of 538158.
2, 3, 257, 349
What are the prime factors of 2589871?
19, 136309
List the prime factors of 594214.
2, 199, 1493
List the prime factors of 1979688.
2, 3, 82487
What are the prime factors of 1359000?
2, 3, 5, 151
What are the prime factors of 74318?
2, 37159
List the prime factors of 8310527.
8310527
What are the prime factors of 1262626?
2, 19, 149, 223
What are the prime factors of 2272892?
2, 211, 2693
What are the prime factors of 3160123?
89, 35507
What are the prime factors of 4333725?
3, 5, 11, 17, 103
List the prime factors of 1578504.
2, 3, 89, 739
What are the prime factors of 608064?
2, 3, 3167
What are the prime factors of 578397?
3, 192799
List the prime factors of 346196.
2, 23, 53, 71
List the prime factors of 313649.
7, 37, 173
List the prime factors of 501195.
3, 5, 33413
What are the prime factors of 228368?
2, 7, 2039
What are the prime factors of 122034?
2, 3, 11, 43
What are the prime factors of 550292?
2, 137573
List the prime factors of 8670821.
19, 43, 10613
What are the prime factors of 11968817?
7, 563, 3037
List the prime factors of 3684928.
2, 13, 43, 103
What are the prime factors of 3776670?
2, 3, 5, 29, 1447
List the prime factors of 177869.
83, 2143
List the prime factors of 16522033.
11, 61, 24623
List the prime factors of 571663.
41, 73, 191
List the prime factors of 5061160.
2, 5, 13, 9733
What are the prime factors of 168120?
2, 3, 5, 467
List the prime factors of 4850898.
2, 3, 13, 62191
What are the prime factors of 1299250?
2, 5, 5197
What are the prime factors of 21905686?
2, 11, 995713
List the prime factors of 739490.
2, 5, 73, 1013
List the prime factors of 983548.
2, 131, 1877
What are the prime factors of 297484?
2, 11, 6761
What are the prime factors of 5368063?
5368063
What are the prime factors of 525588?
2, 3, 7, 6257
What are the prime factors of 414442?
2, 7, 4229
What are the prime factors of 131887?
7, 83, 227
List the prime factors of 9576026.
2, 137, 34949
What are the prime factors of 219051?
3, 7, 19, 61
What are the prime factors of 246478?
2, 123239
What are the prime factors of 150754?
2, 75377
List the prime factors of 68285.
5, 7, 1951
What are the prime factors of 1248836?
2, 312209
What are the prime factors of 8348629?
8348629
What are the prime factors of 300073?
300073
List the prime factors of 2131473.
3, 710491
What are the prime factors of 765497?
765497
What are the prime factors of 1859144?
2, 7, 33199
List the prime factors of 65128.
2, 7, 1163
List the prime factors of 3330971.
7, 67979
What are the prime factors of 4689927?
3, 11, 15791
What are the prime factors of 192553?
192553
What are the prime factors of 23614?
2, 11807
What are the prime factors of 425220?
2, 3, 5, 19, 373
List the prime factors of 14541594.
2, 3, 191, 12689
List the prime factors of 8873887.
11, 181, 4457
What are the prime factors of 1050018?
2, 3, 175003
What are the prime factors of 1428417?
3, 43, 3691
List the prime factors of 5074928.
2, 419, 757
List the prime factors of 2003328.
2, 3, 37, 47
List the prime factors of 21664.
2, 677
What are the prime factors of 2458919?
103, 23873
What are the prime factors of 10246833?
3, 19, 31, 1933
What are the prime factors of 1540571?
103, 14957
What are the prime factors of 4609351?
4609351
What are the prime factors of 4026293?
137, 29389
List the prime factors of 12437644.
2, 3109411
List the prime factors of 830867.
67, 12401
What are the prime factors of 126397?
126397
What are the prime factors of 938557?
727, 1291
List the prime factors of 1394624.
2, 7, 11, 283
List the prime factors of 2855953.
2855953
What are the prime factors of 6631333?
6631333
List the prime factors of 393246.
2, 3, 7, 3121
What are the prime factors of 23145624?
2, 3, 321467
What are the prime factors of 4672580?
2, 5, 11, 67, 317
What are the prime factors of 315417?
3, 47, 2237
List the prime factors of 20964662.
2, 89, 117779
What are the prime factors of 1828772?
2, 11, 89, 467
List the prime factors of 115251.
3, 41, 937
What are the prime factors of 1944265?
5, 239, 1627
What are the prime factors of 1824901?
13, 229, 613
List the prime factors of 7501493.
239, 31387
What are the prime factors of 9170486?
2, 13, 352711
List the prime factors of 26019118.
2, 23, 59, 9587
What are the prime factors of 477657?
3, 5897
What are the prime factors of 16492270?
2, 5, 59, 27953
What are the prime factors of 3069480?
2, 3, 5, 25579
What are the prime factors of 35748?
2, 3, 331
What are the prime factors of 6651638?
2, 7, 37, 12841
List the prime factors of 1266520.
2, 5, 31663
List the prime factors of 1017365.
5, 17, 11969
What are the prime factors of 2447517?
3, 43, 18973
List the prime factors of 317179.
317179
List the prime factors of 278779.
149, 1871
What are the prime factors of 821019?
3, 29, 9437
List the prime factors of 287955.
3, 5, 79
What are the prime factors of 253925?
5, 7, 1451
What are the prime factors of 1912923?
3, 70849
What are the prime factors of 2579460?
2, 3, 5, 13, 3307
List the prime factors of 2393752.
2, 37, 8087
List the prime factors of 296180.
2, 5, 59, 251
List the prime factors of 33672202.
2, 373, 45137
What are the prime factors of 228514?
2, 11, 13, 17, 47
List the prime factors of 427407.
3, 142469
What are the prime factors of 530234?
2, 265117
List the prime factors of 134103.
3, 44701
List the prime factors of 835213.
835213
List the prime factors of 5302120.
2, 5, 41, 53, 61
What are the prime factors of 6147616?
2, 192113
List the prime factors of 21398968.
2, 2674871
List the prime factors of 3123979.
53, 58943
List the prime factors of 3872480.
2, 5, 24203
What are the prime factors of 6336507?
3, 2112169
What are the prime factors of 885262?
2, 7, 37, 1709
List the prime factors of 2371743.
3, 11, 23957
What are the prime factors of 108159?
3, 31, 1163
List the prime factors of 294414.
2, 3, 49069
What are the prime factors of 1268645?
5, 7, 67, 541
What are the prime factors of 151625?
5, 1213
List the prime factors of 361941.
3, 120647
List the prime factors of 999835.
5, 199967
List the prime factors of 5614330.
2, 5, 619, 907
List the prime factors of 4765434.
2, 3, 794239
What are the prime factors of 1780973?
103, 17291
List the prime factors of 15991721.
15991721
What are the prime factors of 619366?
2, 11, 47, 599
What are the prime factors of 1257163?
1257163
What are the prime factors of 631274?
2, 7, 67, 673
What are the prime factors of 21462518?
2, 7, 11, 139367
What are the prime factors of 8363782?
2, 7, 283, 2111
List the prime factors of 1850450.
2, 5, 7, 17, 311
What are the prime factors of 1189781?
409, 2909
List the prime factors of 12679269.
3, 4226423
List the prime factors of 261743.
47, 5569
What are the prime factors of 5355681?
3, 1785227
What are the prime factors of 1302123?
3, 241, 1801
What are the prime factors of 